{"id":40,"date":"2024-11-11T13:57:30","date_gmt":"2024-11-11T12:57:30","guid":{"rendered":"http:\/\/hv3.local\/?page_id=40"},"modified":"2024-11-11T13:57:30","modified_gmt":"2024-11-11T12:57:30","slug":"impressum","status":"publish","type":"page","link":"http:\/\/deffner-berge.de\/?page_id=40","title":{"rendered":"Impressum"},"content":{"rendered":"\n<p>Heimatverein Berge e. V.<br>H\u00f6fener Esch 18<br>49626 Berge<br>E-Mail: info@heimatverein-berge.de<br>Internet: www.heimatverein-berge.de, www.museum-berge.de<br><br>Vertretungsberechtigter Vorstand:<\/p>\n\n\n\n<p>Ingo Hollermann, (Anschrift wie oben)<br>Haftungshinweis: Trotz sorgf\u00e4ltiger inhaltlicher Kontrolle \u00fcbernehmen wir keine Haftung f\u00fcr die Inhalte externer Links. F\u00fcr den Inhalt der verlinkten Seiten sind ausschlie\u00dflich deren Betreiber verantwortlich.<\/p>\n\n\n\n<p>Das Museum MeyerHaus ist eine Einrichtung des Heimatvereins Berge e.V.<\/p>\n\n\n\n<p><\/p>\n","protected":false},"excerpt":{"rendered":"<p>Heimatverein Berge e. V.H\u00f6fener Esch 1849626 BergeE-Mail: info@heimatverein-berge.deInternet: www.heimatverein-berge.de, www.museum-berge.de Vertretungsberechtigter Vorstand: Ingo Hollermann, (Anschrift wie oben)Haftungshinweis: Trotz sorgf\u00e4ltiger inhaltlicher Kontrolle \u00fcbernehmen wir keine Haftung f\u00fcr die Inhalte externer Links. F\u00fcr den Inhalt der verlinkten Seiten sind ausschlie\u00dflich deren Betreiber verantwortlich. Das Museum MeyerHaus ist eine Einrichtung des Heimatvereins Berge e.V.<\/p>\n","protected":false},"author":1,"featured_media":0,"parent":0,"menu_order":0,"comment_status":"closed","ping_status":"closed","template":"","meta":{"_uag_custom_page_level_css":"","footnotes":""},"class_list":["post-40","page","type-page","status-publish","hentry"],"uagb_featured_image_src":{"full":false,"thumbnail":false,"medium":false,"medium_large":false,"large":false,"1536x1536":false,"2048x2048":false},"uagb_author_info":{"display_name":"wdeffner","author_link":"http:\/\/deffner-berge.de\/?author=1"},"uagb_comment_info":0,"uagb_excerpt":"Heimatverein Berge e. V.H\u00f6fener Esch 1849626 BergeE-Mail: info@heimatverein-berge.deInternet: www.heimatverein-berge.de, www.museum-berge.de Vertretungsberechtigter Vorstand: Ingo Hollermann, (Anschrift wie oben)Haftungshinweis: Trotz sorgf\u00e4ltiger inhaltlicher Kontrolle \u00fcbernehmen wir keine Haftung f\u00fcr die Inhalte externer Links. F\u00fcr den Inhalt der verlinkten Seiten sind ausschlie\u00dflich deren Betreiber verantwortlich. Das Museum MeyerHaus ist eine Einrichtung des Heimatvereins Berge e.V.","_links":{"self":[{"href":"http:\/\/deffner-berge.de\/index.php?rest_route=\/wp\/v2\/pages\/40","targetHints":{"allow":["GET"]}}],"collection":[{"href":"http:\/\/deffner-berge.de\/index.php?rest_route=\/wp\/v2\/pages"}],"about":[{"href":"http:\/\/deffner-berge.de\/index.php?rest_route=\/wp\/v2\/types\/page"}],"author":[{"embeddable":true,"href":"http:\/\/deffner-berge.de\/index.php?rest_route=\/wp\/v2\/users\/1"}],"replies":[{"embeddable":true,"href":"http:\/\/deffner-berge.de\/index.php?rest_route=%2Fwp%2Fv2%2Fcomments&post=40"}],"version-history":[{"count":0,"href":"http:\/\/deffner-berge.de\/index.php?rest_route=\/wp\/v2\/pages\/40\/revisions"}],"wp:attachment":[{"href":"http:\/\/deffner-berge.de\/index.php?rest_route=%2Fwp%2Fv2%2Fmedia&parent=40"}],"curies":[{"name":"wp","href":"https:\/\/api.w.org\/{rel}","templated":true}]}}